late 6 + (-55 - -44 - (-16 - -1)) + -9 + 8.
9
14 + -16 + (0 + 7 - (5 + -2)) - -4
6
23 - 36 - 3 - -2
-14
What is the value of -123 - (15 - 5 - 44) - (1 - -9)?
-99
Calculate -44 + 23 + 7 + 13.
-1
Evaluate 89 + 13 + (-19 - 1) + -50 + 66.
98
Evaluate 85 + -10 + -26 - (-10 + -4 + 1).
62
What is the value of -17 + (12 - (-16 + 12)) - (0 - (-69 + 4))?
-66
Calculate (-22 - (-27 - 22)) + -19 - (2 - 10).
16
(20 - -21) + -23 + 7
25
What is the value of 4 - (4 + (-14 - (-1 + 37 - (-72 - -64))))?
58
Evaluate 0 - (45 - -1) - (18 - (-53 + 59 - -16)).
-42
-67 + 89 - (0 + 18)
4
146 + 0 + (-30992 - -30708)
-138
27 - 0 - (-332 - -304)
55
What is (14 - (-2 + 13)) + -47 + (57 - 26)?
-13
-8 + (-23 - -6) + 4 - -126 - 4
101
Calculate -7 - (9 - (15 + -15)) - 10.
-26
What is -610 - -637 - (91 + -1)?
-63
Evaluate -11 - (-33 - 2 - -51).
-27
What is the value of (-6 - (-18 + 17)) + 1 + 65 + (10 - 3)?
68
Calculate 0 + 27 + -1143 + 1115.
-1
22 + (-5 - -2 - ((11 - 10) + 7 + -1))
12
What is (4 - -16) + -118 + 17 + 31?
-50
What is the value of -2 + -22 + -46 + 47?
-23
What is -4 + 1 + -3 - (-655 - -615)?
34
What is 37 + 6 + (-44 - -7)?
6
(-3 - 13 - (-9 + 4 + 6)) + 19
2
2 - (-2 + -1) - (-163 + 168)
0
What is -17 + 32 - ((-1 - -2) + (-26 + 46 - 30))?
24
Calculate 1 - (-16 - (-19 - -9) - (-16 + 8 + -19)).
-20
What is the value of -1 + 34 + 9 + -8 + (18 + -27 - 4)?
21
Evaluate 157 + -140 + (-75 - -11) + 48.
1
What is -97 + 220 + -150 + (1 - 13)?
-39
Calculate -39 + 20 + 13 + -18.
-24
2 + (0 - 17 - (51 - (-26 - 28)))
-120
What is the value of 18 + 61 - (17 - (9 + -5 + -1)) - -8?
73
49 + -21 + (-2 - -21) + 5 + 5
57
Calculate 1180 - 1182 - (-3 - -6 - 32).
27
What is (-46 - 1) + (-6 + 13 - 4) + -25 + 31?
-38
-25 + 0 - (66 + 1 + -131)
39
What is the value of 2 - 1 - (61 - (24 - (16 + -20 + 15)))?
-47
What is the value of (29 + -6 - 27 - -15) + -18 + -4?
-11
Calculate 14530 - 14506 - (59 - -1).
-36
What is 91 + -19 + -1 + 14 - 5 - 0?
80
Calculate -107 + (32 - (15 - 1 - (5 + -10))).
-94
39 - (33 + -39 + 35)
10
Evaluate -4 - 26 - (1 + -17 + 33).
-47
Calculate 2845 - 2847 - (11 + -1).
-12
What is 4843 + -4761 + 3 + -53?
32
Calculate 2 - (57 + -42) - (-15 - (9 + -6)).
5
What is 21 - (-2 + -20 - (-92 - -10))?
-39
What is the value of 11 + (78 - 110 - -33) + 54 + 1?
67
What is the value of (39 - 8) + (-45 - -35)?
21
What is the value of 38 - (-24 + -1 - -29)?
34
Evaluate 13 + 41 - (35 - 80).
99
13 - -51 - (40 - (27 - 35))
16
-1 + 1 - ((9 - 14) + 15 - 15 - 39)
44
Evaluate 12 + (-17 - (-17 + -2) - (110 - -2)).
-98
Calculate 0 - (-3 - -6 - (74 + (-3 - 0) + -22)).
46
What is the value of -50 + 18 + 33 - (-5 + 5 - 0) - -99?
100
Calculate -8 + -75 - -55 - -81.
53
(8 - 64 - -1) + (-277 - -281)
-51
What is 9 - (27 - (-26 - (-3 - 2)))?
-39
Calculate (1 - 18) + (1 - (4 + (-6 - 4))) + 71.
61
What is -17 - 0 - -43 - (-7 - 0)?
33
What is -13 + (-15 + 28 - (-1 - (-5 + -5)))?
-9
What is the value of (-43 - -6) + 30 - -17?
10
What is the value of -25 + 20 + 16 + (10 - 30) - (12 - -1)?
-22
What is the value of (810 - 798) + (-39 - 0)?
-27
(18752 - 18628) + -90 + 0
34
Calculate (-3 + -14 - (-28 + 24)) + -12 + 7 + 7.
-11
Evaluate 136 + (-13 - 118) + -106.
-101
Evaluate 29 - -1 - (85 + -2 + -63).
10
Calculate 2 - (8 + -24 + 6) - (29 + 12).
-29
What is 1 + (-3 - 2) + (26 - (-43 - -36)) + -18?
11
-74 + 108 - (-2 - (0 - 7 - -2))
31
30 + (-2 - (-18 - (-46 - (-20 + 3))))
17
What is -37 - (58 + -19 - 23)?
-53
What is the value of 1 + -8 + 6 + (-63 - -29)?
-35
Calculate -127 + 112 + 19 - (1 + (-25 - 2)).
30
-20605 + 20636 - (111 - 0)
-80
(-3 - (78 - 30)) + 11
-40
What is the value of (-30 - 1) + 48 + (4 - 4) - 96?
-79
What is the value of 52 + -18 + -72 + 36?
-2
-16 + (0 - (-58 - (-25 + 11) - 10)) + 1
39
What is the value of (-26 + 27 - (0 + -3)) + -136 + 141?
9
Calculate 102 + 9 + -42 + -64.
5
Calculate (1 - 83) + 3418 + -3298.
38
Evaluate (-2 + 30 + -45 - -31) + -12.
2
What is (5 + -5 - -3 - 3) + 58 + -23?
35
What is (-14 - (-15 + 9 + -58)) + -7 - -12?
55
What is (57 + -90 - -81) + -24?
24
What is -60 + 120 + 100 + -162?
-2
What is the value of (56 + 3 - 51) + -43?
-35
-10 + 3 - (-5 - (-12 - -1 - (263 - 199)))
-77
What is 23 + 19 + (20 - 13 - 13)?
36
Calculate 10 - (4 - (22 + 1 + -5)).
24
What is the value of 1 + 56 + (-1745 - -1752)?
64
Calculate -47 + 87 + 22 + -87.
-25
(14 + -34 + -1 - -33) + 25 + -1
36
What is the value of -22 - 48 - (6 + (3 - (11 + -4)) + -2)?
-70
What is the value of 167 + -187 + (-8 - (-5 + 2))?
-25
Calculate 41 - (22 - 2) - (14 + -4) - -26.
37
Calculate 45 + -129 + 49 + -108.
-143
What is the value of (6 - 4) + -5 + -1 - (5 + (-3 - 51))?
45
What is the value of 62 - 5 - (-64 + 40 - (0 - 8))?
73
Evaluate 29 - (-52 + (92 - 50)).
39
What is -6 + (0 - 0) + (32 + -3 - 21)?
2
Calculate (-53 - 9) + 48 - -88.
74
What is 99 + -2 + 0 + -9434 + 9407?
70
Calculate -21 + (26 - (2 + (9 - -1))).
-7
(-155 + 74 - -14) + 49
-18
What is (-43 - -1) + (-3 - -5) + -567 + 556?
-51
What is 33 + -1 - (-50 - -66) - (70 + -1)?
-53
-16 - (25 + 44 + -23 + -34)
-28
What is 3 + 47 + -38 + (2 - (4 - 5)) + 25?
40
(41 - 47 - (-1 + (1 - 11))) + (17 - 105)
-83
Calculate -117 + 49 - (-44 + 40).
-64
Calculate -22 - (57 + -39) - -38.
-2
Calculate 6 + (-192 - -187 - (18 + 0)).
-17
Calculate -4 + (-55 - 17 - 9) + 14 + (3 - 7).
-75
Calculate (-344 - -383) + (-10 - -23).
52
Calculate 43 - (5 - -6) - (-57 - -28).
61
What is -106 + 101 + -55 + 5?
-55
Calculate (-5 - (-15 + 19) - -22) + 22 + 6.
41
Evaluate 17 + (-13 - 19) + 15 + 8.
8
What is the value of 155 + -167 + 11 + -2 + 2?
-1
What is the value of -41 + 0 - (-211 - -191)?
-21
Calculate (7 - (0 - 10)) + -18 + 50.
49
What is the value of -9 - (61 - (-9 + 18))?
-61
Calculate 2 - -1 - (-135 - -140).
-2
(-6 - 13 - (2 + 0 + 4)) + 2 + -3
-26
-28 - (25 + -1 + -22) - -11
-19
What is 22 + -73 - -61 - (18 + (1 - -1)) - -125?
115
Evaluate 20 - (-11 - ((17 - -12) + -13)).
47
What is the value of 6 + -1 + (-294 + 316 - (0 - -27))?
0
Evaluate (8 - (0 + -12)) + (40 - -21).
81
-60 + 10 + 2 + (2 - 4 - -13)
-37
Evaluate -33 + 7 + (19 - 3) - 47.
-57
(0 + 5 + 1 - (-2 + (-72 - -78))) + 6
8
-10 + 78 + (-13 - (24 - 14))
45
-120 + (11 - (-58 + 19)) + -25 + -27
-122
Evaluate -109 - -106 - ((-10 - (7 + -13)) + 0).
1
What is 4 - (-24 - -1 - (-333 - -267))?
-39
(-8 - 31 - -5 - 11) + 3 + 2
-40
Evaluate 22 + 29 + -45 - (-5 - -12).
-1
-7 - -15 - ((50 - 63) + -1 + 10) - 0
12
Evaluate 594 + -584 + (12 - 2).
20
What is the value of 172 - 165 - (5 + (-2 - (-6 + 3)) - 97)?
98
Calculate -5 - (-1 + -17 - (54 + -48)).
19
Calculate 4 + -35 + 29 + (0 - (-1 + -35)).
34
-5 + 5 + (12 - 2 - (-9 - 12))
31
What is the value of 25 + 4 + (8 - 6 - -7) + -14?
24
What is the value of 43 + -57 - (8 + (-46 - -2))?
22
What is the value of (71 + -46 - (-2 + (-2 - -7))) + -9?
13
Calculate -14 + (94 + 1 - 36).
45
Calculate (-10 - ((45 - 9 - 45) + 1 + -11)) + 25.
34
What is 15 + (-120 - -93 - (30 - 4))?
-38
Calculate -31 - (-27 + 7) - (-124 + 18 + 12).
83
58 + (-34 - -5) + 19 + (-2 - -16)
62
-1 + 7 - (2 - 9) - ((41 - 10) + -24)
6
What is the value of -14 + -22 + (10 - -128) + -9 + 29?
122
What is the value of (-1 - 0) + -13 - (-53 + 40 - -35)?
-36
Calculate -2 + (10 - 35 - -28) + -16.
-15
What is the value of -5 + -15 + (40 - 16 - 21)?
-17
What is (-33 - -42) + (0 - (86 - 0) - (-11 - -15))?
-81
Calculate -7 + 0 - (-2274 + 2236).
31
Evaluate 23 + 6 + -16 + -40 + -28.
-55
What is (34 - 40) + -18 - 17?
-41
(-5 - (-3 + 1)) + (1 - 2) + (85 - 79)
2
What is the value of (-3 + -8 - -3) + 6 + -14 + 29?
13
Calculate 37 - (55 - (-5 - -32)) - (-3 + -67 + -1).
80
What is the value of (-1 - (50 + -27 - 10)) + 102?
88
What is the value of -3 + -4 + -6 - ((3 - -5) + -22)?
1
What is 16 + -3 + (-120 - -36) - -9?
-62
What is -11 - (16 - -4 - 38) - 4?
3
3 - -7 - (24 + -16 + 7) - -2
-3
6 + ((-1 - -2) + -12 - -1) + -13
-17
What is -24 + 2 + -8 + 19 + (2 - -44)?
35
-78 + -72 + -89 + 151 + 28 + -1
-61
What is -7 - (-5 + 32 + 12 + -35)?
-11
Evaluate (-132 - -115) + (3 + 44 - 8) + -10.
12
(2 - 15) + -2 - (-7308 - -7302)
-9
What is the value of (5 - 38) + (-10 + 13 + 8 + 2 - 5)?
-25
1 - -63 - ((-87 - 33) + 130)
54
Calculate 983 - 1026 - (12 + 50).
-105
0 + (-22 + -1 - (-12 - (-17 + 17)))
-11
Evaluate -16 - -142 - (5 + 19 + -17 + 7).
112
What is the value of -20 